0, what is -202 - 1138?
-1340
In base 9, what is 1317185607 - -4?
1317185612
In base 4, what is -2202 - 23213200?
-23222002
In base 10, what is 4203 - -2429?
6632
In base 13, what is 4 + 4bc55a3?
4bc55a7
In base 16, what is 7d + e1c58?
e1cd5
In base 10, what is 1 + 36609938?
36609939
In base 16, what is -620 + 26abf?
2649f
In base 2, what is 10100101101110101010010001010 - 11?
10100101101110101010010000111
In base 5, what is 44434211 - -112?
44434323
In base 16, what is -5adf8 - 1b?
-5ae13
In base 3, what is -22 + 211112110102122?
211112110102100
In base 16, what is 17 + 89a1?
89b8
In base 8, what is -12635 - -10444?
-2171
In base 11, what is -10 - -22a63768?
22a63758
In base 10, what is -3333913 - -10?
-3333903
In base 7, what is -10 - -14543464?
14543454
In base 2, what is 101011111011100100000001 - 1011?
101011111011100011110110
In base 12, what is 602 - 44b21?
-4451b
In base 9, what is 32173513 + -76?
32173426
In base 5, what is 10 + -31020001130?
-31020001120
In base 3, what is 20002 + -21020100102?
-21020010100
In base 14, what is 2750d4 - -8?
2750dc
In base 4, what is 2 + 32213303323?
32213303331
In base 3, what is -201102021 + 1022210011?
121100220
In base 14, what is 45 - -a8467?
a84ac
In base 9, what is -62123632 - 0?
-62123632
In base 11, what is 2949 + 7769?
a607
In base 15, what is -2042 + -250?
-2292
In base 11, what is 82 + 10318?
1039a
In base 5, what is -10 + 13021323340?
13021323330
In base 9, what is -3 + -420655540?
-420655543
In base 12, what is 268 - 60a?
-362
In base 6, what is 452213055 - -4?
452213103
In base 16, what is -a92e27 + -4?
-a92e2b
In base 9, what is 178 + 822844?
823133
In base 6, what is -3 - 351552324?
-351552331
In base 9, what is -135608866 + -1?
-135608867
In base 8, what is -2 - 5651517?
-5651521
In base 10, what is -4 + 3690428?
3690424
In base 6, what is -3344030 - 124?
-3344154
In base 16, what is -1e965a + -88?
-1e96e2
In base 12, what is 245 + -4114?
-3a8b
In base 16, what is -b2a799 + 12?
-b2a787
In base 5, what is 11220203240 + -10?
11220203230
In base 3, what is 10111102 + -12021200?
-1210021
In base 8, what is -15 + 1324755?
1324740
In base 14, what is 4 + -14aa404?
-14aa400
In base 6, what is -1244502403 - -24?
-1244502335
In base 7, what is -446 + -2542364?
-2543143
In base 15, what is -930 - 324d?
-3b7d
In base 4, what is -100 - -1012310100113?
1012310100013
In base 9, what is -117075248 - 2?
-117075251
In base 9, what is -3417 - 33763?
-37281
In base 6, what is 3 - -11014141145?
11014141152
In base 4, what is -301133 - -1011?
-300122
In base 8, what is 4 - -3774410?
3774414
In base 7, what is -140 + -1004054?
-1004224
In base 16, what is f48ee4 - 1?
f48ee3
In base 4, what is 1021222321102 - 10?
1021222321032
In base 3, what is -101020221020 - 101100?
-101021022120
In base 7, what is 1 + -13036513?
-13036512
In base 7, what is 55 + -2604614?
-2604526
In base 2, what is 110 + -10011011010100101010000000?
-10011011010100101001111010
In base 13, what is -3755a - 130?
-3768a
In base 10, what is 17730 - -1045?
18775
In base 6, what is -24235453 - -4?
-24235445
In base 7, what is 3020513140 + -4?
3020513133
In base 3, what is 10011 + 212120101211022?
212120101221110
In base 15, what is 3 + -54d4d62?
-54d4d5e
In base 7, what is -4140232 - 1011?
-4141243
In base 5, what is 314 - 1110224333?
-1110224014
In base 6, what is 2 - 544334455?
-544334453
In base 7, what is -4026501565 + -15?
-4026501613
In base 8, what is 67 + -10353170?
-10353101
In base 9, what is 12882 - -2505?
15487
In base 2, what is -11 + -11101000110110011100000?
-11101000110110011100011
In base 14, what is 151d5 - -d?
15204
In base 9, what is -66688238 + 3?
-66688235
In base 8, what is 4056 - 101314?
-75236
In base 2, what is 1001100100010010111100010 - -11?
1001100100010010111100101
In base 10, what is -19538 + -201?
-19739
In base 4, what is -2122332123 + 13?
-2122332110
In base 6, what is -330043245 + -11?
-330043300
In base 13, what is 4 + 8004750?
8004754
In base 6, what is -30345 - 2534?
-33323
In base 7, what is 30 - 424043?
-424013
In base 2, what is -1010 - 11010011110101100100?
-11010011110101101110
In base 6, what is -2023223005 - -4?
-2023223001
In base 11, what is a9 + -27521?
-27423
In base 8, what is -421227374 - -2?
-421227372
In base 12, what is 0 - -1850b979?
1850b979
In base 5, what is 4030001112 + -310?
4030000302
In base 12, what is 1a434 - 85?
1a36b
In base 10, what is 125982 - 42?
125940
In base 10, what is -2948129 + -3?
-2948132
In base 8, what is 131400430 + 0?
131400430
In base 3, what is 200112001122 + 10001111?
200122010010
In base 15, what is 0 - 58977c?
-58977c
In base 6, what is -1255140 - -44345?
-1210351
In base 15, what is -6 + -cd993?
-cd999
In base 2, what is -10001 + 1100110011010001110000?
1100110011010001011111
In base 14, what is d + -bda716?
-bda707
In base 10, what is 1810283 - 0?
1810283
In base 12, what is -8 + b13b53?
b13b47
In base 11, what is -1a + -231879?
-231898
In base 2, what is 100000 - 11010101100100011?
-11010101100000011
In base 5, what is 1344142334 + -1?
1344142333
In base 12, what is -447 - 14a30?
-15277
In base 12, what is 1 + -5a800b?
-5a800a
In base 13, what is -3c0a + 117?
-3ac3
In base 2, what is -110 - 1010010001100100?
-1010010001101010
In base 4, what is 22 - -10021321103?
10021321131
In base 2, what is 110100010010111111 + 11010110?
110100010110010101
In base 11, what is 58745 + -8?
58738
In base 6, what is 54 + 403251325?
403251423
In base 4, what is 1 - 32233111212?
-32233111211
In base 8, what is 5 + -40753347?
-40753342
In base 5, what is -1222103 - -30341?
-1141212
In base 16, what is -12e - -573da?
572ac
In base 13, what is -1421 - -2c1?
-1130
In base 3, what is -20122221200211 + 20?
-20122221200121
In base 5, what is 11434034413 - 4?
11434034404
In base 11, what is -226a478 - 1?
-226a479
In base 8, what is 177 - 6402016?
-6401617
In base 6, what is -142120 - -124102?
-14014
In base 10, what is 1969334 - 3?
1969331
In base 14, what is -2d25 - 3b50?
-6a75
In base 7, what is 24 + -56644443?
-56644416
In base 5, what is 3002 + -1123444?
-1120442
In base 2, what is -1 + 11110111110001110000?
11110111110001101111
In base 7, what is -2020561 - 231?
-2021122
In base 4, what is -12311 - 11310230?
-11323201
In base 13, what is -988 + 1118?
460
In base 8, what is -157530 - 146?
-157676
In base 10, what is 59903 - 980?
58923
In base 5, what is -2 - 330033143?
-330033200
In base 9, what is 740 - -1373313?
1374153
In base 7, what is -1 - 11406000344?
-11406000345
In base 10, what is -10 - 2036720?
-2036730
In base 10, what is 156588037 + -2?
156588035
In base 12, what is 4b76234 - -2?
4b76236
In base 6, what is 220042 - -12205?
232251
In base 7, what is -350316245 + -4?
-350316252
In base 6, what is -22 - 3534533?
-3534555
In base 3, what is -211112021 - 1000011?
-212112102
In base 15, what is -19 + 105cb?
105b2
In base 9, what is 5124085 - 25?
5124060
In base 7, what is 5 + 65201423?
65201431
In base 2, what is 1001000110111001 - 1011000111?
1000111011110010
In base 14, what is 3168a6b + 2?
3168a6d
In base 11, what is 0 - 12485156?
-12485156
In base 15, what is 5 - 1ecc3982?
-1ecc397c
In base 14, what is -3 + 37962d2?
37962cd
In base 11, what is 5 - -1313955?
131395a
In base 11, what is 105 + -2218a4?
-22179a
In base 14, what is 96 - 3d21?
-3c69
In base 11, what is -1767a48 - -5?
-1767a43
In base 14, what is -311 - -5247?
4d36
In base 10, what is -151190 + 23?
-151167
In base 3, what is 22 - 221121211021001?
-221121211020202
In base 5, what is -42420331 - 41?
-42420422
In base 7, what is 302313 + -306?
302004
In base 4, what is 100213030 + -3311?
100203113
In base 15, what is 3 + 4bdac8?
4bdacb
In base 2, what is -101111111111001100100111101 + 1?
-101111111111001100100111100
In base 5, what is 220 - 2112132?
-2111412
In base 2, what is 10 + 11011010101100101001110?
11011010101100101010000
In base 15, what is -5 + -30a1a4?
-30a1a9
In base 15, what is d13a - 14b?
cede
In base 15, what is 3 + 28bae8?
28baeb
In base 7, what is -343 + -1312534?
-1313210
In base 11, what is -394a947 + -21?
-394a968
In base 4, what is 12 - -1132300011?
1132300023
In base 2, what is 11 + -11101111010011110010000000?
-11101111010011110001111101
In base 16, what is 4 - 401ee4e?
-401ee4a
In 